8*p + 1502. Give r(-2).
-10
Let v(y) = -2*y**3 - 172*y**2 - 524*y - 2160. Determine v(-83).
-2
Let z(d) = 1893*d + 28364. Give z(-15).
-31
Let t(k) = -2*k**3 + 28*k**2 - 9*k + 48. Calculate t(14).
-78
Let r(q) = 143*q + 249. Determine r(-2).
-37
Let r(u) = -u**3 + 5*u**2 - 10*u + 12. What is r(2)?
4
Let b(z) = z**3 + 12*z**2 + 38*z. Determine b(-6).
-12
Let p(o) = o**2 - 24*o - 558. Determine p(-15).
27
Let k(i) = 1352*i - 13512. What is k(10)?
8
Let i(b) = -b**3 + 53*b**2 - 147*b - 148. What is i(50)?
2
Let g(c) = -c**2 + 182*c - 3523. Give g(22).
-3
Let x(v) = -v**3 + 8*v**2 + 45*v - 347. Determine x(6).
-5
Let v(u) = 5*u**2 + 369*u + 230. Calculate v(-70).
-1100
Let g(q) = q**3 - 22*q**2 - 123*q - 6. Determine g(0).
-6
Let d(a) = a**2 - 14*a - 146. Determine d(16).
-114
Let s(c) = 5*c**2 - 84*c - 504. Determine s(-5).
41
Let t(m) = -140*m - 9500. What is t(-68)?
20
Let v(q) = 2*q**2 + q - 41. What is v(0)?
-41
Let o(q) = -686*q + 67902. What is o(99)?
-12
Let l(q) = q**3 + 12*q**2 + 15*q. Calculate l(-7).
140
Let i(z) = -z**3 - 9*z**2 - 37*z - 43. Calculate i(-9).
290
Let w(f) = -38275*f + 267926. Determine w(7).
1
Let p(a) = 728*a + 108. Give p(0).
108
Let v(t) = 5*t - 259. Determine v(61).
46
Let m(i) = -2*i**2 - 182*i - 554. What is m(-3)?
-26
Let n(k) = -k**3 - 22*k**2 - 66*k - 31. Determine n(-19).
140
Let t(g) = 3*g**2 + 122*g + 76. What is t(-40)?
-4
Let d(q) = -q**2 - 76*q - 1237. Give d(-52).
11
Let p(m) = 15*m**2 - 7*m - 29. Determine p(-6).
553
Let d(o) = -3*o**3 + 29*o**2 - 20*o + 92. What is d(9)?
74
Let l(i) = -i**3 + 30*i**2 - 222*i + 110. Calculate l(18).
2
Let u(o) = -85*o + 1275. Calculate u(15).
0
Let y(u) = -17*u - 3226. Give y(-190).
4
Let g(t) = -t**2 - 14*t + 14. Determine g(1).
-1
Let i(f) = -23*f - 408. Calculate i(-18).
6
Let x(c) = -c**2 + c - 6. Determine x(4).
-18
Let d(i) = -i**2 - 105*i + 1260. Give d(11).
-16
Let z(l) = 4*l**2 - 25*l + 8. Give z(4).
-28
Let g(a) = -a**2 + 116*a - 1679. What is g(17)?
4
Let v(w) = -w**2 + 61*w - 696. Calculate v(15).
-6
Let i(y) = 71*y - 1325. Determine i(19).
24
Let m(p) = -3*p**2 - 52*p - 7. Calculate m(-17).
10
Let j(q) = -328*q + 9816. What is j(30)?
-24
Let k(h) = -h**2 - 208*h - 1780. What is k(-9)?
11
Let c(x) = -2*x**3 - 14*x**2 - 8*x - 1. Determine c(-6).
-25
Let w(t) = -497*t - 1690. Determine w(-3).
-199
Let s(k) = 382*k - 5736. Calculate s(15).
-6
Let z(r) = -35*r**2 - 8*r + 4. What is z(3)?
-335
Let k(t) = -t**3 - 35*t**2 + 41*t - 1195. Calculate k(-37).
26
Let r(y) = 21*y - 839. Give r(40).
1
Let a(v) = v**3 - 9*v**2 - 5*v + 13. Give a(10).
63
Let h(n) = -305*n - 2433. Calculate h(-8).
7
Let l(v) = -10*v + 646. Determine l(64).
6
Let j(f) = -f**3 - 4*f**2 - 31*f - 21. What is j(-8)?
483
Let r(y) = y**3 + 7*y**2 + 6*y + 33. Determine r(-5).
53
Let f(r) = -r**3 + 25*r**2 - 25*r + 24. What is f(24)?
0
Let f(c) = 14*c - 15. Calculate f(-17).
-253
Let t(w) = -2*w**3 - 7*w**2 + 44*w - 43. Determine t(2).
1
Let c(o) = o**2 + 2799*o + 80331. Give c(-29).
1
Let n(u) = -u**3 - 10*u**2 + 48*u + 21. Calculate n(-13).
-96
Let o(m) = -2*m**2 - 6*m - 10. Give o(7).
-150
Let i(l) = 4*l**2 + 17*l + 82. Calculate i(-4).
78
Let v(j) = 8*j - 176. What is v(40)?
144
Let a(l) = -113*l - 5615. Give a(-50).
35
Let m(i) = 5*i**2 + 28*i - 65. Determine m(-10).
155
Let z(y) = -y**2 + 62*y - 2. Calculate z(10).
518
Let v(g) = 7*g**2 - 51*g - 50. Give v(-1).
8
Let t(s) = 32*s**2 - 2*s + 4. Calculate t(-1).
38
Let c(w) = 120*w + 954. Determine c(-8).
-6
Let q(t) = -1744*t - 54058. Calculate q(-31).
6
Let s(u) = -2*u**2 - 184*u - 922. Determine s(-82).
718
Let q(u) = -740*u - 1485. Give q(-2).
-5
Let b(a) = a**3 - 50*a**2 - 271*a - 220. Determine b(55).
0
Let v(t) = -5*t**2 + 19*t + 47. Determine v(8).
-121
Let j(f) = -f**2 + 3*f + 48. Determine j(-4).
20
Let p(d) = 3*d**3 + 53*d**2 + 34*d - 73. Determine p(-17).
-73
Let d(u) = -4*u**2 + 81*u - 110. Determine d(15).
205
Let n(r) = -r**3 - 20*r**2 + 14*r + 63. Give n(-21).
210
Let g(c) = c**3 - 25*c**2 + 4*c + 219. What is g(24)?
-261
Let k(q) = 6*q**2 + 22*q + 52. Determine k(-3).
40
Let k(a) = -61*a**3 - 2*a**2 - 4*a - 2. Calculate k(-1).
61
Let s(r) = -r**3 - 13*r**2 + 229*r - 39. Give s(10).
-49
Let f(i) = -i**3 - 16*i**2 + 128*i + 5. Calculate f(-22).
93
Let l(g) = -g**3 + 7*g**2 - g - 39. Calculate l(8).
-111
Let i(q) = 24*q + 178. Determine i(-20).
-302
Let o(y) = y**2 + 109*y + 2163. Determine o(-82).
-51
Let o(n) = -n**3 + 35*n**2 - 78*n + 67. Give o(32).
643
Let q(d) = -2*d**3 - 54*d**2 - 2*d - 16. What is q(-27)?
38
Let p(h) = -352*h - 2141. Determine p(-6).
-29
Let c(z) = -3*z**2 + 4*z + 93. Determine c(9).
-114
Let r(p) = 3*p**3 + 246*p**2 + 479*p - 77. Give r(-80).
3
Let p(j) = 32*j**2 - 444*j + 32. Determine p(14).
88
Let s(r) = 15*r**2 - 60*r + 4. What is s(4)?
4
Let n(z) = z**3 - 68*z**2 + 82*z - 1013. Calculate n(67).
-8
Let s(p) = -11*p**2 + 29*p + 10. Calculate s(3).
-2
Let x(h) = h**3 + 5*h**2 + 156*h + 602. Calculate x(-4).
-6
Let a(z) = -3*z**3 + 3*z**2 - 5*z + 4. Determine a(1).
-1
Let w(l) = -4*l**3 + 14*l**2 + 296*l + 2. Give w(-7).
-12
Let o(t) = -t**2 - 32*t + 4062. Calculate o(-82).
-38
Let d(i) = 7*i**2 - 1217*i + 924. Give d(173).
-114
Let m(d) = -4*d**2 - 229*d + 419. Give m(-59).
6
Let n(p) = -3319*p + 13279. What is n(4)?
3
Let x(k) = -k**2 + 47*k + 90. Give x(38).
432
Let q(j) = -j**3 + 106*j**2 - 211*j + 1. What is q(2)?
-5
Let y(r) = -144*r - 5199. Calculate y(-36).
-15
Let u(z) = -7*z**2 - 79*z + 164. Give u(-13).
8
Let m(k) = -3*k**2 + 24*k + 80. Determine m(12).
-64
Let r(k) = -5*k**2 - 1830*k + 46805. Determine r(24).
5
Let r(s) = 162*s**2 - s + 2. Determine r(-1).
165
Let z(v) = 30*v - 1964. Give z(65).
-14
Let r(p) = -p**3 - 55*p**2 + 6216*p - 22. Determine r(-111).
-22
Let s(v) = 4*v**3 - 5*v**2 - 106*v - 216. Calculate s(-2).
-56
Let s(f) = -11*f + 1. Calculate s(-5).
56
Let k(h) = -4*h**3 + 502*h**2 + 260*h - 998. Give k(126).
10
Let k(y) = -y**3 - 14*y**2 + 16*y - 52. Give k(-15).
-67
Let l(b) = 3559*b - 28475. Determine l(8).
-3
Let c(t) = -t**2 - 9*t - 17. What is c(-5)?
3
Let o(n) = 848*n**2 + 3*n + 3. What is o(1)?
854
Let m(a) = 43*a - 4391. Give m(102).
-5
Let r(y) = y**2 + 40*y + 272. What is r(-15)?
-103
Let u(q) = -19*q**2 - 358*q - 355. Determine u(-18).
-67
Let r(p) = -8567*p + 85663. What is r(10)?
-7
Let w(k) = k**3 + 9*k**2 - 23*k + 23. Calculate w(-11).
34
Let s(f) = 12*f**2 + 1110*f - 557. Determine s(-93).
1
Let j(g) = -g**3 - 8*g**2 + 28*g + 133. Calculate j(-3).
4
Let m(o) = -o**3 - 15*o - 10. Calculate m(-3).
62
Let o(n) = n**2 + 521*n + 37406. Calculate o(-86).
-4
Let p(k) = 26*k**2 + 30*k - 5. Calculate p(-1).
-9
Let h(v) = -4*v**2 + 161*v - 18. Calculate h(40).
22
Let a(n) = 42*n - 703. Calculate a(16).
-31
Let u(k) = 3*k**3 + 172*k**2 - 119*k - 166. Calculate u(-58).
8
Let x(h) = -h**3 + 14*h**2 - 24*h + 53. What is x(14)?
-283
Let g(a) = 5*a - 128. Give g(-8).
-168
Let i(b) = -8*b**3 + 56*b**2 - 7*b - 246. Give i(6).
0
Let f(r) = r**3 + 11*r**2 - 35*r - 12. Calculate f(-15).
-387
Let v(q) = -33*q**2 - 34*q + 13. Determine v(-4).
-379
Let v(c) = -36*c - 433. Give v(-9).
-109
Let z(q) = -132*q + 665. Determine z(13).
-1051
Let r(g) = 4*g**2 - 239*g + 1120. What is r(5)?
25
Let m(t) = -t**2 + 8*t + 274. Determine m(21).
1
Let y(u) = -47*u + 217. Give y(5).
-18
Let u(h) = h**2 - 24*h - 5143. What is u(-61)?
42
Let v(o) = o**3 - 95*o**2 + 61*o + 3110. What is v(94)?
8
Let f(v) = -v**2 + 6*v + 17. Calculate f(-7).
-74
Let o(u) = -u**2 - 153*u + 2812. What is o(18)?
-266
Let p(x) = 9665*x - 10. Calculate p(0).
-10
Let m(c) = -3*c - 20. Calculate m(-35).
85
Let x(r) = -2554*r - 17885. What is x(-7)?
-7
Let k(l) = l**2 - 74*l - 581. Determine k(-7).
-14
Let u(c) = -c**3 - 110*c**2 - 112*c - 339. Give u(-109).
-12
Let f(v) = -4*v**3 - 667*v**2 + 160*v - 1169. Give f(-167).
0
Let w(g) = 13909*g - 2. What is w(0)?
-2
Let a(n) = -n**2 - 84*n - 1632. Calculate a(-30).
-12
Let i(x) = 44*x + 31. Give i(-6).
-233
Let r(p) = -2*p**3 - 28*p**2 + 73*p + 143. Determine r(-16).
-1
Let x(p) = 38788*p + 38789. Determine x(-1).
1
Let x(c) = -c**3 - 15*c**2 + 64*c + 72. What is x(-19)?
300
Let t(s) = -12*s**2 - 81*s - 41. What is t(-7)?
-62
Let t(g) = 6966*g + 13935. What is t(-2)?
3
Let z(g) =